{"id":1763,"date":"2019-05-17T10:04:43","date_gmt":"2019-05-17T09:04:43","guid":{"rendered":"http:\/\/biblioteca.iesalmudeyne.es\/?page_id=1763"},"modified":"2019-05-17T10:04:43","modified_gmt":"2019-05-17T09:04:43","slug":"novedades-2018","status":"publish","type":"page","link":"https:\/\/biblioteca.iesalmudeyne.es\/?page_id=1763","title":{"rendered":"Novedades (2018)"},"content":{"rendered":"<p>La profesora Berta nos cuenta las novedades que est\u00e1n a punto de\u00a0 llegar a nuestra Biblioteca.<\/p>\n<p>\u00a1Sabemos que muchos las est\u00e1is esperando con muchas ganas!<\/p>\n<p>&nbsp;<\/p>\n<div class=\"video-shortcode\"><iframe title=\"Novedades biblideyne\" width=\"1200\" height=\"675\" src=\"https:\/\/www.youtube.com\/embed\/vz-hqKCaSMs?feature=oembed\" frameborder=\"0\" allow=\"accelerometer; autoplay; clipboard-write; encrypted-media; gyroscope; picture-in-picture\" allowfullscreen><\/iframe><\/div>\n<p><strong>Estaremos encantados de que nos hag\u00e1is los comentarios y recomendaciones que quer\u00e1is.<\/strong><\/p>\n<p>&nbsp;<\/p>\n<p>A finales del mes de mayo hemos recibido en nuestra biblioteca una caja con un total de 25\u00a0 libros nuevos, donados por el Ministerio de Educaci\u00f3n, Cultura y Deporte con motivo de nuestra participaci\u00f3n en el programa de Fomento de la Lectura en Centros de educaci\u00f3n Secundaria, que este a\u00f1o se public\u00f3 bajo el lema<strong><em> \u00abLeer te da vidas extra\u00bb.<\/em>\u00a0 <\/strong>\u00a0Esta participaci\u00f3n nos ha permitido programar a lo largo del curso, la asistencia de dos autoras que llevaron a cabo\u00a0charlas y talleres con los alumnos.<\/p>\n<p>Los libros recibidos son, fundamentalmente, narrativa y poes\u00eda y ya est\u00e1n a disposici\u00f3n de toda la comunidad educativa.<\/p>\n<p><a href=\"http:\/\/biblioteca.iesalmudeyne.es\/wp-content\/uploads\/2018\/06\/ultimasnov.jpg\"><img decoding=\"async\" class=\"aligncenter size-large wp-image-1198\" src=\"http:\/\/biblioteca.iesalmudeyne.es\/wp-content\/uploads\/2018\/06\/ultimasnov-1024x576.jpg\" alt=\"\" width=\"1024\" height=\"576\" srcset=\"https:\/\/biblioteca.iesalmudeyne.es\/wp-content\/uploads\/2018\/06\/ultimasnov-200x113.jpg 200w, https:\/\/biblioteca.iesalmudeyne.es\/wp-content\/uploads\/2018\/06\/ultimasnov-300x169.jpg 300w, https:\/\/biblioteca.iesalmudeyne.es\/wp-content\/uploads\/2018\/06\/ultimasnov-400x225.jpg 400w, https:\/\/biblioteca.iesalmudeyne.es\/wp-content\/uploads\/2018\/06\/ultimasnov-600x338.jpg 600w, https:\/\/biblioteca.iesalmudeyne.es\/wp-content\/uploads\/2018\/06\/ultimasnov-768x432.jpg 768w, https:\/\/biblioteca.iesalmudeyne.es\/wp-content\/uploads\/2018\/06\/ultimasnov-800x450.jpg 800w, https:\/\/biblioteca.iesalmudeyne.es\/wp-content\/uploads\/2018\/06\/ultimasnov-1024x576.jpg 1024w, https:\/\/biblioteca.iesalmudeyne.es\/wp-content\/uploads\/2018\/06\/ultimasnov-1200x675.jpg 1200w, https:\/\/biblioteca.iesalmudeyne.es\/wp-content\/uploads\/2018\/06\/ultimasnov-1536x864.jpg 1536w, https:\/\/biblioteca.iesalmudeyne.es\/wp-content\/uploads\/2018\/06\/ultimasnov-scaled.jpg 2560w\" sizes=\"(max-width: 1024px) 100vw, 1024px\" \/><\/a><\/p>\n","protected":false},"excerpt":{"rendered":"<p>La profesora Berta nos cuenta las novedades que est\u00e1n a [&hellip;]<\/p>\n","protected":false},"author":1,"featured_media":0,"parent":0,"menu_order":0,"comment_status":"closed","ping_status":"closed","template":"","meta":{"footnotes":""},"class_list":["post-1763","page","type-page","status-publish","hentry"],"_links":{"self":[{"href":"https:\/\/biblioteca.iesalmudeyne.es\/index.php?rest_route=\/wp\/v2\/pages\/1763","targetHints":{"allow":["GET"]}}],"collection":[{"href":"https:\/\/biblioteca.iesalmudeyne.es\/index.php?rest_route=\/wp\/v2\/pages"}],"about":[{"href":"https:\/\/biblioteca.iesalmudeyne.es\/index.php?rest_route=\/wp\/v2\/types\/page"}],"author":[{"embeddable":true,"href":"https:\/\/biblioteca.iesalmudeyne.es\/index.php?rest_route=\/wp\/v2\/users\/1"}],"replies":[{"embeddable":true,"href":"https:\/\/biblioteca.iesalmudeyne.es\/index.php?rest_route=%2Fwp%2Fv2%2Fcomments&post=1763"}],"version-history":[{"count":0,"href":"https:\/\/biblioteca.iesalmudeyne.es\/index.php?rest_route=\/wp\/v2\/pages\/1763\/revisions"}],"wp:attachment":[{"href":"https:\/\/biblioteca.iesalmudeyne.es\/index.php?rest_route=%2Fwp%2Fv2%2Fmedia&parent=1763"}],"curies":[{"name":"wp","href":"https:\/\/api.w.org\/{rel}","templated":true}]}}